- 50 = x. Let k(b) = b + 7. Calculate k(w).
-1
Let v(o) = o**3 - 4*o**2 + 2. Let h be v(2). Let u(r) = -3*r. What is u(h)?
18
Let h(w) be the third derivative of w**7/2520 - w**5/30 - w**2. Let b(y) be the third derivative of h(y). Let q be (1/(-4))/((-3)/12). Give b(q).
2
Let i(d) = 3*d**3 - d**2. Let z be i(1). Suppose z*j + 1 = -3. Let l(s) = 4*s - 3*s**2 + 5*s**2 + 3 + 0*s**2. Determine l(j).
3
Let m(t) = -t**2 + t. Suppose -5*w + 17 = -z, 2*z + w = -w + 2. What is m(z)?
-6
Let o be (-1 + -3)*6/6. Let a(k) = -k**2 + 4. Calculate a(o).
-12
Suppose n = 2*p - 3, 1 = 2*p - 3*p + n. Let d(k) = -2*k + 2*k - 3*k + p*k. What is d(-2)?
-2
Let i(s) = 5*s + 7. Let o(m) = -1. Let y(u) = -i(u) - 2*o(u). What is y(-6)?
25
Let f(q) = 0*q**2 + q**2 - 19*q + 13*q - 2 + 0*q**2. Let k = -12 + 17. Give f(k).
-7
Let n(g) = 4 + 9 + g - 18. What is n(-4)?
-9
Let g(w) = w**2 + 7*w**3 + 0*w + 1 - w - w + 0*w. Determine g(1).
7
Suppose -q - 2*y - 2 = -4, 2*q + y - 13 = 0. Let z = q + -4. Let r(p) = -5*p**2 - 4*p + 11. Let f(b) = b**2 - 1. Let s(v) = 6*f(v) + r(v). What is s(z)?
5
Let q = -16 - -16. Suppose 0 = 4*l + 2*w + w + 7, q = -5*l + w + 15. Let y(n) = -2*n**2 + 3*n - 2. Give y(l).
-4
Let n(b) be the second derivative of b**5/20 + b**4/2 + b**3/3 - b**2 + 4*b + 2. Determine n(-6).
-14
Let h(c) = -c**2 + 4*c - 7. Let k(j) = j**2 - 3*j + 8. Let r(v) = 4*h(v) + 3*k(v). Calculate r(6).
2
Suppose -8*v + 40 = -0*v. Let q(o) = 4*o - 5. Give q(v).
15
Suppose -26*u = -13*u - 14*u. Let r(x) = x**3 + x**2 + x - 3. What is r(u)?
-3
Let o(l) = -l**2 + 5*l + 4. Let f be o(6). Let j = 3 - f. Let c(v) = -v**2 + 2*v + 7. What is c(j)?
-8
Let s(k) = 7*k - 7. Let y(h) = h**2. Let n(q) = -s(q) - 2*y(q). What is n(-6)?
-23
Suppose n = -2*p - 10, 3*n + 3 + 3 = 0. Suppose 0 = 5*a - 0 - 10. Let u(h) = -2*h**a - 5 + 2*h**2 + h**2 + 3*h. Calculate u(p).
-1
Let l(a) be the second derivative of a**4/12 + 2*a**3/3 - 4*a. Suppose -o = -1 - 1. Let f be o + (-2 - -4 - 8). Determine l(f).
0
Suppose -4*g = 2*s - 32, 9*g - 4*g - 2*s - 58 = 0. Let z = 13 - g. Let m(o) = o**3 - 3*o**2 - o - 4. Determine m(z).
-7
Let m(c) be the second derivative of 7*c**4/12 - c**3/6 + c**2/2 + 23*c. What is m(1)?
7
Let f(y) be the second derivative of y**3/6 + 4*y. Calculate f(3).
3
Let t(v) = 5*v + 9. Let j(b) = 14*b + 26. Let f(l) = 6*j(l) - 17*t(l). Let u = 2 + 1. Let m = 1 + u. What is f(m)?
-1
Suppose 0 = l - g, -l - 3*l - 3 = -3*g. Let m be (-4)/10 - (-24)/10. Let w = l + m. Let b(i) = -i. Give b(w).
1
Let o(k) be the first derivative of 3*k**2/2 + 8*k + 34. What is o(-10)?
-22
Let q(s) = s**2 + 5*s - 4. Let f be 2/(-9) + (-14)/(-63). Suppose f + 5 = n. Suppose -n = 5*y + 15. Calculate q(y).
-8
Let g(a) = -1 - 2*a**2 + 0*a**2 - a**2. Give g(-1).
-4
Let b(m) = 1 - m**2 + 2*m**2 - m**2 - m**2. Let a = 7 - 5. What is b(a)?
-3
Suppose -h = -5*h + 12. Let u = 13 + -9. Suppose 2*n - 6 = h*a, -u*n - a + 5*a = -4. Let s(t) = -t**2 - 2*t - 2. Calculate s(n).
-5
Let v(w) = -2*w**2 - 3*w. Let t(b) = 3*b**2 + 3*b - 1. Let m(x) = 3*t(x) + 4*v(x). Let j be (4 - 6)*4/(3 + -5). Calculate m(j).
1
Let p(c) = -4 - c + c**2 + 4*c**3 + 0*c + 3. Suppose -1 - 2 = -k + 4*i, 4*k = -2*i - 6. Calculate p(k).
-3
Let y(d) = d**2 + 10*d + 10. Let m(z) = z**2 + 34*z + 55. Let q be m(-32). Calculate y(q).
1
Let z(b) be the first derivative of b**3/3 + 4*b**2 + 6*b - 3. Let f(i) = -i**3 - 7*i**2 + i + 1. Let r be f(-7). Determine z(r).
-6
Let u(b) = -b - 9. Let w be 6 - (-4 + 3 - -3). Let h = -2 + 4. Suppose -r + h*r = -w. Give u(r).
-5
Let w(z) = -z**2 - 4*z + 1. Suppose -3*n = -5*n + 2. Suppose 5 + 1 = 2*v. Let u be n - -1 - 21/v. Calculate w(u).
-4
Suppose 12 = -0*w + 3*w. Suppose d - 1 = -w*p + 4, 0 = d + 3. Let u(x) = 3 + x**3 - 5*x**2 + 2*x + p*x + 3*x - 2*x. Determine u(4).
7
Let g(c) = -6*c. Let t = -1 - -2. Suppose 2*h - 5*f + 20 = t, 5*h - 3*f + 19 = 0. Give g(h).
12
Let f(b) be the third derivative of b**6/120 + b**5/15 + b**4/24 + 2*b**3/3 + 2*b**2. Let z be 10/3 + (-2)/6. Suppose -2*m = 5 + z. Give f(m).
0
Suppose -19*t + 48 = 5*t. Let k(d) be the first derivative of -5/2*d**t + d - 3. Calculate k(-2).
11
Let f(b) = -b. Let s be (-3*1)/((-13)/(-2) - 5). What is f(s)?
2
Let q(p) = 1 + 2*p**2 + 13*p - 29*p + p**3 + 14*p + 2*p**2. Let d = -4 - 0. Calculate q(d).
9
Let h(w) be the first derivative of 11*w**3/3 - w + 3. What is h(1)?
10
Suppose q = 6*q - 20. Suppose 6*x - 2*x = 12. Let z(t) = t**3 + t - 3*t**2 + 2*t**3 - q*t**x. Give z(-3).
-3
Let j(o) be the third derivative of o**6/120 + o**5/20 - o**4/6 - 5*o**3/6 - o**2. What is j(-4)?
-5
Suppose 0 = 6*q - q - 3*r - 10, 2*q - 4 = -5*r. Suppose -3 = z + q. Let n(d) = d**2 + 5*d + 5. Let o be n(z). Let s(h) = 2*h - 1. Calculate s(o).
9
Let z(p) = -2*p**2 - 1. Let g be (0 - -2)*(16 + 0). Let m be 4/10 - g/(-20). Suppose -3*i = -m*i - 4*o + 21, -5*o = -4*i - 29. Give z(i).
-3
Let x(d) = -5*d**3 - 9*d**2 - 7*d + 2. Suppose -l = 2*l + 18. Let j(m) = 2*m**3 + 5*m**2 + 4*m - 1. Let h(n) = l*x(n) - 11*j(n). Calculate h(-1).
-8
Let u(b) = 5*b - 6. Suppose -11*w = -12*w + 8. Let j(k) = 3*k - 4. Let y(d) = w*j(d) - 5*u(d). Determine y(-4).
2
Suppose 10*c - 5*c - 35 = 0. Let w be (-3)/2*-4*2. Let n = w - c. Let a(d) = d**3 - 6*d**2 + 6*d - 4. Give a(n).
1
Let w(c) = -16*c + 1. Suppose -19 = 2*m - f + 6*f, 3*f + 15 = 0. Suppose 3*j = 6*j + m. Calculate w(j).
17
Let l(k) = -3*k + 6. Let f(h) = -h. Suppose 23 = u - 2*g - g, 2*u + 4 = -4*g. Let x = u + -2. Let w(i) = x*f(i) - l(i). Give w(-4).
6
Let a(y) = y**2 + y. Let j(z) = -5*z - 6. Let s(q) = -a(q) - j(q). Let h = -27 + 32. Give s(h).
1
Let a(m) = -m - 5. Let q be a(-9). Let j(n) = 2*n**2 - q*n**2 - 7*n + 10*n + 2 + 0. Determine j(3).
-7
Let n be (-12)/(-3)*5/2. Let z be 30*(16/n)/4. Suppose -2*f = -5*f - z. Let k(o) = -3*o - 4. Calculate k(f).
8
Let l = -22 - -27. Let d(r) = r**3 - 5*r**2 - 7. What is d(l)?
-7
Let m(z) = -11*z**3 - 8*z**2 - 2*z + 4. Let l(f) = -5*f**3 - 4*f**2 - f + 2. Let q(c) = 9*l(c) - 4*m(c). Give q(-4).
6
Let f(s) = 4*s + 4 + s - 2*s**2 + 3*s**2. Suppose 2*m + 5*m = -42. Calculate f(m).
10
Let t(h) be the first derivative of 0*h + 3 - 1/3*h**3 - 2*h**2. What is t(-3)?
3
Let i(v) = -v + 9. Suppose 9*l - 8*l = 7. Give i(l).
2
Let t(c) = c**3 + 5*c**2 + 5*c + 1. Suppose 6*y = 3*y + 9. Suppose 6 = 4*f - 3*m, -13 = -0*f - y*f - 2*m. Let j be f/3 - (6 + -1). Give t(j).
-3
Let n = -5 - -11. Let g(z) = -4*z - z**3 - n - 6*z**2 + z**2 + 7*z. Calculate g(-6).
12
Let t(b) = b**3 + b**2 + 5. Let h(n) = -n**2 + 5*n + 4. Let s be h(7). Let y = s + 10. Determine t(y).
5
Let k(g) = -g**3 - 3*g**2 - 2*g + 1. Let x be k(-2). Let o(f) = -53*f + f**3 + x + 0 + 51*f + 1. What is o(2)?
6
Suppose l + 0*k - 7 = -3*k, 0 = -4*l - k + 17. Let a(w) = -w**2 + 3*w + 5. Let m be a(l). Let s(x) = m + x**2 + 3*x - 3*x. Calculate s(-1).
2
Let k(c) = 3*c + 35. Suppose g - 4*f - 9 = f, -5*f + 3 = -3*g. Let i(d) = -d - 12. Let w = -24 + 7. Let q(t) = g*k(t) + w*i(t). Calculate q(-5).
-1
Let l(j) = -j**3 + 3*j**2 + 6*j - 3. Suppose 0 = -4*c + 2 + 6. Suppose 5 = y + o, -o = -y + c*o + 1. Calculate l(y).
5
Suppose -2*z - 2 - 12 = h, 3*z - h + 11 = 0. Let o(j) be the third derivative of -j**5/60 - 5*j**4/24 - j**3/3 - 3*j**2. Determine o(z).
-2
Let x(w) = -3*w + 4*w - 5 + 3 + 4. Give x(-2).
0
Let u(d) = -48*d + 41*d - 6 - 5*d**2 + 2*d**2 + 2*d**2. What is u(-6)?
0
Let n(g) = g**2 + 12*g - 11. Let q(p) = 5*p - 68. Let c be q(11). Calculate n(c).
2
Let b(n) = -n**3 - 6*n**2 - 6*n - 4. Suppose -5*l = -4*l - 7. Suppose -l = -2*p + 2*x - 19, p + 5*x = 0. Give b(p).
1
Let u(v) = v - 5. Let t be u(5). Suppose -4*g + 10 + 6 = t. Let l(n) = n**2 - 4*n - 2. What is l(g)?
-2
Let i(l) = l + 3. Suppose 6 = -3*s + 21. Suppose 0 = -s*z + g + 200, -10 = -5*g - 35. Suppose -4 + z = 2*w - 5*b, b = -5*w + 20. Calculate i(w).
8
Let l(h) be the first derivative of h**2/2 + 2*h - 19. Let r = 1 - 1. Determine l(r).
2
Suppose 2*d + 8 = -2*d - 4*h, -5*d = -5*h - 10. Let k(r) = r + 6. Calculate k(d).
6
Let k(i) = 4*i**3 - i**2 - 4*i + 10. Let h(c) = -c**3 - c**2 + c - 1. Let o(v) = 5*h(v) + k(v). Give o(-6).
-1
Suppose 24 = -8*g + 4*g. Let q(r) = r**2 + 8*r + 6. Calculate q(g).
-6
Let t be 36/8 + 1/2. Let z(a) = -7*a**2 + 2*a + 22. Let k(d) = -11 - 5*d + 4*d**2 - 2*d + 6*d. L